 -4*p + 9, 5*p + 12 = h + 3. Suppose -4*g - q = -1326, 0 = -5*g + h*q - 11*q + 1656. What are the prime factors of g?
2, 83
Let a(g) = -7*g + 9. Let x be a(4). Let c(m) = -4*m + 73. List the prime factors of c(x).
149
Let x(c) = -3*c**3 + 17*c**2 + 5*c + 24. Let l be x(10). Let b = 1762 + l. List the prime factors of b.
2, 67
Let x(z) = 101*z**2 - 210*z - 70. List the prime factors of x(11).
13, 757
Let q(j) = j**3 - j + 1. Let g(d) = 15*d**3 - 9*d**2 + 4*d + 2. Let n(v) = g(v) - 5*q(v). What are the prime factors of n(5)?
11, 97
Suppose 50*s - 169953 - 43097 = 0. List the prime factors of s.
4261
Let q(d) = -2*d + 81. Let x(a) = a - 27. Let g(n) = -3*q(n) - 8*x(n). Let i be g(-10). Let h(j) = 3*j**2 + j - 17. List the prime factors of h(i).
3, 41
Let j = 3358 - -6978. List the prime factors of j.
2, 17, 19
What are the prime factors of (-12)/(-150) + 13811376/300?
2, 3, 7673
Let c = -6442 + 7759. List the prime factors of c.
3, 439
What are the prime factors of ((-799056)/(-168))/(17/238)?
2, 3, 31, 179
Suppose 944148 = 143*h - 102*h. What are the prime factors of h?
2, 3, 19, 101
Suppose 5*q = 2*s + 23, -2*q = -3*q + 1. Let o be 3/(s/42) - 4/(-1). List the prime factors of (-1090)/(-4) - 5/o.
3, 7, 13
Let f(n) = 107*n**2 + 5*n - 4*n + 5 - 7*n. Let c be f(1). Suppose 65 = y - c. What are the prime factors of y?
3, 19
What are the prime factors of (-635288)/(-26) + ((-198)/(-165) - (-528)/(-390))?
2, 19, 643
Let i = 122261 - 42607. List the prime factors of i.
2, 39827
Let s(q) = -3*q**2 + 11*q. Let t be s(4). Let k be t/((-8)/6) + 131. Suppose -f = -109 - k. What are the prime factors of f?
3
Let c = -18 + 102. Suppose 3*d + c = 87. List the prime factors of 10545/60 - d/(-4).
2, 11
Suppose 4*c = -3*z + 40996, 2*c - z - 20472 = 4*z. What are the prime factors of c?
2, 47, 109
Let t = -3177 - -3183. Let f(h) be the third derivative of 3*h**4/8 + 7*h**3/6 + h**2. List the prime factors of f(t).
61
Let m(z) = -z + 11. Suppose 4*q + 4*c = 148, -4*q - 155 = -9*q + 5*c. Suppose 0 = 4*o - 10 + q. List the prime factors of m(o).
17
Let p = -23 - -27. Suppose 5*q - 523 = u, -2*q + p*u = -189 - 31. Let c = q - 48. What are the prime factors of c?
2, 7
Suppose 5*k + 4*m = 26, -3*m + 22 = -6*k + 11*k. Suppose -y + 449 = s - 371, -4097 = -5*y - k*s. What are the prime factors of y?
3, 7, 13
Let i(n) = 14*n - 10. Let z be i(1). Suppose -5*o + 5*r + 895 = 0, -2*o - z*r + 509 = o. What are the prime factors of o?
5, 7
Let p = 98 - 94. Suppose p*d - 3*m + m = 22, 3*d - 2*m = 19. Suppose -y + 3*l = d*y - 464, -3*l = -12. List the prime factors of y.
7, 17
Let s be (-2 - (-6614)/4)*32/(-24). Let y = s + 3734. What are the prime factors of y?
2, 383
Let m = -38 - -20. Let q be m/27 + (-8)/(-3). Suppose 43 - 5 = q*l. List the prime factors of l.
19
Let g = 19299 + 13389. List the prime factors of g.
2, 3, 227
Let l = 84 - 72. Suppose -28 = i + l. Let o = 48 + i. List the prime factors of o.
2
List the prime factors of (-2836)/(3 - (43 + -38 + 0 + 0)).
2, 709
Let m be 9/(1 + 2) - (-7)/(-7). Let g be 2 - -41 - m/(-4)*-2. Suppose -47*o + 350 = -g*o. List the prime factors of o.
2, 5, 7
Suppose 3*g = 4*m - 2*m - 1761, -g = -m + 879. Let z = m + -371. List the prime factors of z.
5, 101
Suppose -19537525 = -55*t - 160*t - 547435. What are the prime factors of t?
2, 3, 7, 701
Let u = 6753 - -4453. Suppose -9518 = -12*i + u. What are the prime factors of i?
11, 157
Let l = 18820 + -19564. Suppose 1410 = -3*n - 2*k + 7*k, 0 = -5*n + k - 2372. Let d = n - l. List the prime factors of d.
269
What are the prime factors of ((10/25)/((-13)/(-2509)))/(5/4200)?
2, 3, 7, 193
Let a = -172 + 174. List the prime factors of a/8*1219 - 15/20.
2, 19
Let p be 1 - (9/(-1) - -2). Suppose 4896 = 10*k + p*k. List the prime factors of k.
2, 17
Suppose 5*a + 35698 = -172*h + 176*h, 0 = 3*a - 6. What are the prime factors of h?
79, 113
Suppose -3*m + 5*l - 127770 = -8*m, m = -5*l + 25570. List the prime factors of m.
2, 5, 7, 73
Suppose 4*d - d = 117. Let w be (-5)/15 + d/9. Suppose -w*j + 54 + 94 = 0. List the prime factors of j.
37
What are the prime factors of ((-8)/28)/(-2) + 2257906/98?
2, 3, 5
Suppose 15*f = -120 - 330. Let n = f - -39. List the prime factors of n/(-12) + (-402)/(-24).
2
Let q be 1/(-3) + (-5)/(-15). Suppose 4*p - 2*m = -0*m + 208, q = -5*m. Let k = 136 - p. List the prime factors of k.
2, 3, 7
Let z = 1510 + 3818. What are the prime factors of z?
2, 3, 37
Let i(y) be the second derivative of y**4/6 + y**3 + 2*y**2 + 12*y. Let g be i(-6). Suppose -f + g + 89 = 0. What are the prime factors of f?
3, 43
Let v(p) = -p**2 + 14*p + 27. Let t be v(-20). Let f = t - -992. List the prime factors of f.
3, 113
Let v = -39855 + 57502. What are the prime factors of v?
7, 2521
Let k = 862 + -172. Suppose -2*b = -4*n - k, 2*n = -b + 6*b - 1685. List the prime factors of b.
5, 67
Suppose 8 = u, 163*u + 15709 = d + 164*u. List the prime factors of d.
7, 2243
Suppose -137*n + 471528 = 11*n. List the prime factors of n.
2, 3, 59
Let l = 1188 + -523. Suppose 11*i = 16*i + l. Let t = i + 189. List the prime factors of t.
2, 7
Let h = -157 + 20. Let x = h + 265. Suppose 0 = -2*i - 3*r + x, -i - 3*r = 26 - 84. List the prime factors of i.
2, 5, 7
Let d(s) = s**3 + 2*s**2 - 4*s - 1. Let g be d(-3). Suppose -v - 4*z + 0*z + 1 = 0, -g*z + 18 = 4*v. List the prime factors of v/15 + (70/3)/2.
2, 3
Let k be ((-4)/6)/((-17)/51). Suppose -4*n = -3*t - 9 - 6, -4*t - 20 = -4*n. Suppose -7*i = -3*i - 8, n = k*j + 4*i - 380. What are the prime factors of j?
2, 3, 31
Let b(j) = 46*j - 258. Let s = 429 + -413. What are the prime factors of b(s)?
2, 239
Suppose k - 12540 = -j, 23*k - 5*j = 27*k - 50164. List the prime factors of k.
2, 1567
Let q be 2808/65*(-20)/(-8). Let k(j) = j**3 + 3*j**2 - 6*j - 5. Let h be k(-4). Suppose h*i + q = g, g + 3*i - 189 = -g. What are the prime factors of g?
3, 11
Let p = -1301 + 1304. Let h(i) be the first derivative of 3*i**3 - 3*i**2/2 - i - 1. What are the prime factors of h(p)?
71
Suppose -k = -12 + 1. Let l be (96/(-8) - -253) + 3 + 1*-9. Suppose l = -k*j + 12*j. List the prime factors of j.
5, 47
Suppose 8 = -6*l - 10. Let y(n) = 7*n + 4 + 6*n**2 - 3*n**2 + 11 - 3. What are the prime factors of y(l)?
2, 3
Let i(p) = 22*p**2 - 32*p - 1069. What are the prime factors of i(40)?
7, 13, 19
Let q = -610 + 595. Let r(j) be the third derivative of -j**5/60 - 19*j**4/24 + 9*j**3/2 + 2*j**2. What are the prime factors of r(q)?
3, 29
List the prime factors of 22076 + -1 + 38 + -38 - (-7 - -6).
2, 5519
Suppose 15*s = -13051 + 53836. What are the prime factors of s?
2719
Suppose 3773 = 2*t - 1111 - 7594. What are the prime factors of t?
17, 367
Let l be 17/(((-3)/(-9))/(8/6)). Let g = l - 65. Suppose g*z = 2*w - 172, -2*w = 3*z - 219 + 47. What are the prime factors of w?
2, 43
Let c = -38 - -39. What are the prime factors of (-6 - -4)*(-157 - c)?
2, 79
Let h(b) = b + 87. Let z be h(0). Let g = -85 + z. Suppose -71 = -o + g*a, -o + 55 = -a + 3*a. List the prime factors of o.
3, 7
Let f = 109391 - 66893. List the prime factors of f.
2, 3, 787
Suppose -12*a - 22*a = 88745 - 292575. What are the prime factors of a?
5, 11, 109
What are the prime factors of ((-1)/3)/(2456/18424 - (-2)/(-15))?
5, 7, 47
Let v be 76/(-3)*12/8. Let d = -12 - v. Suppose -29*r = -d*r - 249. What are the prime factors of r?
83
Let q = 6482 + -4247. Suppose -j + 4*j - q = 0. Suppose 2*a - j = -2*a - 5*y, 4*a - 2*y = 710. What are the prime factors of a?
2, 3, 5
Let u(z) = 13*z - 117. Let i be u(9). Suppose i*n - 2*n + 1908 = 4*r, -r + 483 = 2*n. What are the prime factors of r?
5, 19
Let u(t) = t - 34. Let l(b) = -6*b + 170. Let q(s) = -3*l(s) - 16*u(s). Let v = 117 - 127. List the prime factors of q(v).
2, 7
Let c(v) = -32*v - 46. Suppose -f + 35 = -4*i, -3*i - 27 - 3 = 3*f. List the prime factors of c(i).
2, 11
Let x(t) = -17*t**3 - 137*t**2 + 29*t + 78. What are the prime factors of x(-14)?
2, 31, 157
Suppose -18*o + 16*o = 0. Let j = 36 + o. Let q = j - 8. List the prime factors of q.
2, 7
Let s(f) = f**3 - 16*f**2 + 56*f - 81. List the prime factors of s(27).
2, 3, 5, 7
Let i(u) = u**3 + 18*u**2 - 35*u + 189. List the prime factors of i(24).
3, 7, 19, 59
Let l = -72 + 72. Suppose -3*t - 2*r = -206,